
Let w(r) = -r**3 - 7*r**2 + 66*r + 38. Give w(6).
-34
Let c(r) = r**3 - 30*r**2 + 217*r + 22. Determine c(17).
-46
Let u(p) = p**2 + 2*p - 77. Give u(-4).
-69
Let c(n) = 158*n + 5. What is c(1)?
163
Let s(w) = -2*w**3 - 172*w**2 + 1113*w + 825. Give s(-92).
-3
Let l(q) = -q**2 + 3*q + 193. Calculate l(16).
-15
Let x(v) = -v**3 - v**2 + 8*v + 23. What is x(4)?
-25
Let n(o) = o**3 + 7*o**2 - 26*o - 43. Give n(-7).
139
Let g(v) = -v**3 + 30*v**2 - 131*v + 1352. Calculate g(27).
2
Let o(m) = -m**3 + 34*m**2 + 50*m - 521. What is o(35)?
4
Let u(t) = -t**3 - 19*t**2 + 10*t + 84. Calculate u(-19).
-106
Let u(i) = i**3 - 22*i**2 + 61*i + 66. What is u(19)?
142
Let m(k) = -k**3 + 62*k**2 - 555*k + 1813. Calculate m(52).
-7
Let g(l) = l**3 - 9*l**2 + 61*l - 599. Calculate g(9).
-50
Let f(w) = -75*w**2 - 67*w - 2. Determine f(-1).
-10
Let p(g) = g**2 + 67*g + 250. Give p(-4).
-2
Let s(j) = 104*j + 4258. Calculate s(-41).
-6
Let i(w) = w**3 + 10*w**2 + 27*w + 60. Calculate i(-8).
-28
Let w(f) = f**2 - 8*f - 26. Determine w(-3).
7
Let x(k) = -4*k**2 + 67*k - 273. What is x(9)?
6
Let i(n) = -n**3 + 16*n**2 - 36*n + 109. Determine i(12).
253
Let i(x) = x**3 - 14*x**2 - 131*x + 1829. What is i(14)?
-5
Let j(f) = 8*f**2 + 2*f - 32. Calculate j(-6).
244
Let z(i) = -i**2 + 25*i + 311. Determine z(-9).
5
Let v(k) = -356*k - 1073. Calculate v(-3).
-5
Let l(v) = -336*v - 47045. Determine l(-140).
-5
Let f(m) = m**3 + 4*m**2 - 6887*m + 171. Give f(81).
9
Let f(g) = -g**2 + 301*g - 4566. What is f(16)?
-6
Let a(u) = 3*u**2 - 766*u - 6318. Give a(-8).
2
Let q(b) = -2961*b + 32585. Determine q(11).
14
Let o(d) = 21*d**3 + 7*d**2 - d - 6. Calculate o(-1).
-19
Let a(f) = 3*f**2 - 333*f + 1700. Determine a(5).
110
Let a(g) = -2*g**2 + 308*g - 866. Calculate a(151).
40
Let x(j) = -j**3 + 8*j**2 + 19*j - 99. Determine x(9).
-9
Let m(y) = 31*y + 11. Give m(0).
11
Let k(y) = -2*y**3 - 7*y**2 - 7*y + 17. What is k(-7)?
409
Let n(s) = -s**2 - 19*s + 1514. What is n(-50)?
-36
Let f(a) = -158*a + 1736. Calculate f(11).
-2
Let y(p) = p**2 + 59*p + 117. Give y(-52).
-247
Let b(w) = w**3 - 20*w**2 - 17*w - 651. Calculate b(22).
-57
Let s(a) = a**2 - 108. Calculate s(-10).
-8
Let r(v) = 16*v**3 + 2*v**2 - 5*v + 4. Calculate r(2).
130
Let j(y) = y**2 - 112*y + 787. What is j(99)?
-500
Let w(o) = -28*o**2 + 950*o + 68. What is w(34)?
0
Let f(r) = -4*r**3 - 58*r**2 - 26*r + 32. Give f(-14).
4
Let u(o) = o**2 + 42*o + 161. Give u(-16).
-255
Let a(f) = -f**3 + 103*f - 24. What is a(-10)?
-54
Let u(m) = -705*m - 4220. Give u(-6).
10
Let o(v) = -v**3 + v**2 - 14*v + 93. Calculate o(4).
-11
Let o(u) = -9*u**2 + 454*u - 186. Give o(50).
14
Let o(c) = 418*c + 2077. Determine o(-5).
-13
Let m(d) = d**3 + 22*d**2 + 127*d + 78. Give m(-10).
8
Let i(w) = 184*w + 563. Determine i(-3).
11
Let c(w) = -w**3 - 22*w**2 + 280*w - 13. Calculate c(-31).
-44
Let s(t) = -24*t**2 - 86*t + 2. Give s(-3).
44
Let v(t) = -3*t**2 - 68*t - 14. Give v(-9).
355
Let k(b) = 153*b + 106. What is k(5)?
871
Let j(h) = -h**3 - 59*h**2 - 55*h + 123. Determine j(-58).
-51
Let c(z) = -16*z**2 - 227*z - 229. What is c(-1)?
-18
Let t(z) = 2*z**3 + 30*z**2 - 68*z - 3. Give t(-17).
-3
Let x(i) = 7935*i + 31725. Determine x(-4).
-15
Let z(x) = 16*x - 268. Determine z(-5).
-348
Let x(y) = -16*y + 123. Calculate x(4).
59
Let g(t) = 56*t + 408. Determine g(-10).
-152
Let h(d) = 47*d**2 - 1883*d + 124. Determine h(40).
4
Let b(c) = -c**2 - 133*c - 3398. What is b(-35)?
32
Let b(k) = 164*k - 6244. What is b(38)?
-12
Let t(k) = 36*k**2 - 81*k - 253. What is t(-3)?
314
Let y(t) = -63*t - 5233. Determine y(-85).
122
Let d(r) = 45*r**2 - 40*r - 82. What is d(-2)?
178
Let z(u) = -38*u**2 + 26*u + 26. Give z(-1).
-38
Let w(v) = -42*v + 402. Determine w(4).
234
Let i(r) = -486*r - 59750. Calculate i(-123).
28
Let o(r) = 14*r - 432. What is o(31)?
2
Let c(k) = -k**3 + 14*k**2 + 21*k + 19. Give c(16).
-157
Let h(k) = 5*k**3 + k**2 + 6*k + 40. What is h(-3)?
-104
Let s(b) = -32*b - 637. Determine s(-18).
-61
Let v(a) = 406*a - 820. Determine v(2).
-8
Let h(z) = 17*z + 157. Determine h(-11).
-30
Let p(f) = 4*f**2 - 343*f - 128. Give p(86).
-42
Let d(p) = 16*p + 143. Calculate d(-10).
-17
Let f(s) = -s**3 + 15*s**2 - 81*s + 930. What is f(14)?
-8
Let t(l) = l**3 + 10*l**2 - 11*l - 24. Give t(-11).
-24
Let j(a) = 29*a - 1779. Determine j(60).
-39
Let q(g) = 2*g**3 - 52*g**2 + 50*g - 7. Calculate q(25).
-7
Let h(f) = -3*f**2 + 459*f - 465. Give h(1).
-9
Let x(g) = g**3 - 26*g**2 - 6*g + 92. What is x(26)?
-64
Let y(s) = -6*s**2 - 61*s - 12. What is y(-15)?
-447
Let t(v) = -23*v**3 + v**2 + 17*v + 32. Calculate t(-2).
186
Let u(x) = -x**3 - 2*x**2 + 11*x - 17. Determine u(2).
-11
Let d(p) = -p**3 + 9*p**2 - 28*p + 23. Give d(4).
-9
Let y(w) = 27*w + 83. What is y(-9)?
-160
Let y(o) = 3*o**3 - 57*o**2 + 101*o + 35. Give y(17).
18
Let y(b) = 66*b + 59. Determine y(-1).
-7
Let n(b) = -b**2 - 18*b + 402. Determine n(13).
-1
Let k(z) = 3*z**3 + 243*z + 477. Give k(-2).
-33
Let o(d) = -18*d**3 + 486*d**2 - 5*d + 139. Calculate o(27).
4
Let s(r) = -r**3 + 5*r**2 + 17*r + 27. Calculate s(7).
48
Let h(v) = 2*v**3 - 2*v**2 - 15*v + 1. Calculate h(-5).
-224
Let l(j) = 3*j**2 + 297*j + 250. What is l(-98)?
-44
Let b(l) = -2*l**2 - 140*l + 1254. What is b(-78)?
6
Let m(a) = 142*a - 4813. Determine m(34).
15
Let g(y) = y**2 + 20*y - 14801. What is g(-132)?
-17
Let j(i) = -3*i**3 - 3*i**2 - i + 32. Give j(0).
32
Let z(t) = -120*t + 1155. Determine z(10).
-45
Let v(q) = 2*q**3 + 44*q**2 - 32*q + 1541. Determine v(-24).
5
Let g(r) = -15*r**3 + 28*r**2 + 88*r + 71. Determine g(-2).
127
Let l(x) = -x**3 + 68*x**2 - 1074*x - 57. Give l(43).
-14
Let x(o) = -15*o**3 + 7*o**2 + 5*o - 2. What is x(1)?
-5
Let n(u) = u**2 + 4*u - 124. Determine n(-10).
-64
Let z(j) = j**2 + 5*j - 265. Give z(-19).
1
Let q(h) = -28*h**3 - 169*h**2 - 13*h - 3. What is q(-6)?
39
Let s(u) = 2908*u + 42. Calculate s(0).
42
Let u(m) = -2*m**3 + 25*m**2 - 20*m - 149. Give u(11).
-6
Let m(p) = -30*p + 935. What is m(30)?
35
Let g(r) = 38*r - 470. Give g(11).
-52
Let g(w) = w**3 + 41*w**2 - 470*w - 88. What is g(-50)?
912
Let c(x) = 943*x + 978. Determine c(-1).
35
Let r(y) = -15*y - 156. What is r(-11)?
9
Let j(m) = 208*m - 4121. Give j(20).
39
Let l(g) = 1126*g + 7838. What is l(-7)?
-44
Let a(x) = -13*x**2 + 378*x - 11. Calculate a(30).
-371
Let g(i) = -304*i + 2451. What is g(8)?
19
Let c(y) = 32*y + 356. Calculate c(-11).
4
Let x(k) = -5*k**3 - 105*k**2 - k - 23. What is x(-21)?
-2
Let k(t) = 426*t - 62622. Calculate k(147).
0
Let r(i) = 1143*i - 88017. Give r(77).
-6
Let r(k) = -1323*k + 7934. Give r(6).
-4
Let q(r) = 16*r + 99. What is q(-6)?
3
Let n(k) = -36*k + 274. Calculate n(8).
-14
Let g(o) = 37*o - 15. Determine g(5).
170
Let x(b) = 14*b + 106. Calculate x(-10).
-34
Let b(z) = z**2 - 17*z + 31. What is b(3)?
-11
Let z(s) = s**3 - 6*s**2 + 12*s - 8. Give z(3).
1
Let k(c) = 11*c**2 - 199*c + 17. What is k(18)?
-1
Let h(w) = 17*w + 240. What is h(-4)?
172
Let o(r) = r**3 - 41*r + 59. Give o(-7).
3
Let o(h) = 6*h**2 - 37*h + 24. What is o(7)?
59
Let x(k) = 5771*k - 5777. Determine x(1).
-6
Let m(d) = -2*d**3 - 2*d**2 - 3*d - 12. Give m(0).
-12
Let l(x) = -x**3 - 144*x**2 - 420*x - 39617. Give l(-143).
-6
Let s(o) = -o**3 + 8*o**2 - 9*o - 11. Determine s(5).
19
Let m(v) = 2*v**3 + 35*v**2 + 5*v - 12. Give m(-16).
676
Let h(k) = k**3 + 35*k**2 - 512*k - 286. Determine h(-46).
-10
Let q(s) = s**3 + 64*s**2 + 7*s - 429. Determine q(-64).
-877
Let l(v) = -4*v**3 + 5*v**2 - 19*v + 164. What is l(6)?
-634
Let i(t) = 16*t**2 + 191*t - 1. Calculate i(-12).
11
Let y(s) = 571*s + 1707. Calculate y(-3).
-6
Let s(c) = 61*c + 183. Give s(-3).
0
Let s(u) = -3*u**2 - 7*u + 201. Determine s(-9).
21
Let q(b) = 508*b - 1040. Calculate q(2).
-24
Let l(q) = 36*q**2 - 52*q - 49. Calculate l(2).
-9
Let k(q) = -94*q**3 - 470*q**2 + q + 6. Give k(-5).
1
Let u(p) = 3*p**2 + 8*p - 41. Calculate u(4).
39
Let m(g) = -g**2 - 45*g + 1817. Determine m(-69).
161
Let o(g) = 5125*g - 15397. Determine o(3).
-22
Let s(h) = 12*h**2 + 49*h + 91. What is s(-2)?
41
Let p(b) = 15*b - 737. Calculate p(28).
-317
Let a(x) = -91*x**2 + 184*x - 184. What is a(1)?
-91
Let b(m) = m**3 + 14*m**2 - 209*m - 48. What is b(-23)?
-2
Let h(